{"id":68,"date":"2022-09-28T15:37:54","date_gmt":"2022-09-28T13:37:54","guid":{"rendered":"https:\/\/gitarrenwerkstatt.wordpress.com\/?page_id=61"},"modified":"2023-11-07T16:26:15","modified_gmt":"2023-11-07T14:26:15","slug":"die-werkstatt","status":"publish","type":"page","link":"https:\/\/gitarrenwerkstatt-schneider.de\/?page_id=68","title":{"rendered":"Die Werkstatt"},"content":{"rendered":"\n<p>Hier erh\u00e4ltst du einen kleinen Einblick hinter die Kulissen.<\/p>\n\n\n\n<div class=\"wp-block-media-text alignfull has-media-on-the-right is-stacked-on-mobile is-vertically-aligned-center is-image-fill has-background-color has-text-color has-background\" style=\"background-color:#212121\"><div class=\"wp-block-media-text__content\">\n<h2 class=\"wp-block-heading\">Der &#8222;Musikkeller&#8220;<\/h2>\n\n\n\n<p>Hier im \u201eMusikkeller\u201c setzen wir uns erst einmal zusammen und sprechen dar\u00fcber, was gemacht werden soll. Wir haben viele M\u00f6glichkeiten deine Gitarren anzuspielen und zu testen. Mehrere Bass- und E-Gitarren-Amps stehen zur Verf\u00fcgung. Auch Preamps f\u00fcr akustische Gitarren und eine PA-Anlage k\u00f6nnen genutzt werden. Nat\u00fcrlich habe ich auch viele eigene Gitarren die man zum Vergleich heranziehen kann. Du hast bei mir die M\u00f6glichkeit, deine Gitarre zu recorden, um evtl. einen Vorher- Nachher Vergleich zu machen.<\/p>\n\n\n\n<p>Diese Gelegenheit, dir beim Spielen auf die Finger zu schauen, hilft mir, um bei dem sp\u00e4teren Setup die richtige Einstellung der Gitarre f\u00fcr dich zu finden.<\/p>\n\n\n\n<p>Im Musikkeller werden Temperatur und Luftfeuchtigkeit reguliert. Vor gr\u00f6\u00dferen Reparaturen wie z.B. einer Neubundierung, kann sich dein Instrument hier erst einmal ein paar Tage akklimatisieren, bevor es ernst wird.<\/p>\n<\/div><figure class=\"wp-block-media-text__media\" style=\"background-image:url(https:\/\/gitarrenwerkstatt-schneider.de\/wp-content\/uploads\/2023\/11\/Musikkeller-2048x1152.jpg);background-position:46% 60%\"><img loading=\"lazy\" decoding=\"async\" width=\"750\" height=\"422\" src=\"https:\/\/i0.wp.com\/gitarrenwerkstatt-schneider.de\/wp-content\/uploads\/2023\/11\/Musikkeller.jpg?resize=750%2C422&#038;ssl=1\" alt=\"\" class=\"wp-image-850 size-full\" srcset=\"https:\/\/i0.wp.com\/gitarrenwerkstatt-schneider.de\/wp-content\/uploads\/2023\/11\/Musikkeller-scaled.jpg?resize=2048%2C1152&amp;ssl=1 2048w, https:\/\/i0.wp.com\/gitarrenwerkstatt-schneider.de\/wp-content\/uploads\/2023\/11\/Musikkeller-scaled.jpg?resize=300%2C169&amp;ssl=1 300w, https:\/\/i0.wp.com\/gitarrenwerkstatt-schneider.de\/wp-content\/uploads\/2023\/11\/Musikkeller-scaled.jpg?resize=768%2C432&amp;ssl=1 768w, https:\/\/i0.wp.com\/gitarrenwerkstatt-schneider.de\/wp-content\/uploads\/2023\/11\/Musikkeller-scaled.jpg?resize=1536%2C864&amp;ssl=1 1536w, https:\/\/i0.wp.com\/gitarrenwerkstatt-schneider.de\/wp-content\/uploads\/2023\/11\/Musikkeller-scaled.jpg?resize=1568%2C882&amp;ssl=1 1568w, https:\/\/i0.wp.com\/gitarrenwerkstatt-schneider.de\/wp-content\/uploads\/2023\/11\/Musikkeller-scaled.jpg?w=2250&amp;ssl=1 2250w\" sizes=\"(max-width: 750px) 100vw, 750px\" data-recalc-dims=\"1\" \/><\/figure><\/div>\n\n\n\n<div class=\"wp-block-media-text alignfull is-stacked-on-mobile is-vertically-aligned-center is-image-fill has-background has-background-color has-text-color\" style=\"background-color:#4c0000\"><figure class=\"wp-block-media-text__media\" style=\"background-image:url(https:\/\/gitarrenwerkstatt-schneider.de\/wp-content\/uploads\/2022\/10\/DSC01825-1024x683.jpg);background-position:50% 50%\"><img loading=\"lazy\" decoding=\"async\" width=\"750\" height=\"500\" src=\"https:\/\/i0.wp.com\/gitarrenwerkstatt-schneider.de\/wp-content\/uploads\/2022\/10\/DSC01825.jpg?resize=750%2C500&#038;ssl=1\" alt=\"\" class=\"wp-image-241 size-full\" srcset=\"https:\/\/i0.wp.com\/gitarrenwerkstatt-schneider.de\/wp-content\/uploads\/2022\/10\/DSC01825-scaled.jpg?resize=1024%2C683&amp;ssl=1 1024w, https:\/\/i0.wp.com\/gitarrenwerkstatt-schneider.de\/wp-content\/uploads\/2022\/10\/DSC01825-scaled.jpg?resize=300%2C200&amp;ssl=1 300w, https:\/\/i0.wp.com\/gitarrenwerkstatt-schneider.de\/wp-content\/uploads\/2022\/10\/DSC01825-scaled.jpg?resize=768%2C512&amp;ssl=1 768w, https:\/\/i0.wp.com\/gitarrenwerkstatt-schneider.de\/wp-content\/uploads\/2022\/10\/DSC01825-scaled.jpg?resize=1536%2C1024&amp;ssl=1 1536w, https:\/\/i0.wp.com\/gitarrenwerkstatt-schneider.de\/wp-content\/uploads\/2022\/10\/DSC01825-scaled.jpg?resize=2048%2C1365&amp;ssl=1 2048w, https:\/\/i0.wp.com\/gitarrenwerkstatt-schneider.de\/wp-content\/uploads\/2022\/10\/DSC01825-scaled.jpg?resize=1568%2C1045&amp;ssl=1 1568w, https:\/\/i0.wp.com\/gitarrenwerkstatt-schneider.de\/wp-content\/uploads\/2022\/10\/DSC01825-scaled.jpg?w=2250&amp;ssl=1 2250w\" sizes=\"(max-width: 750px) 100vw, 750px\" data-recalc-dims=\"1\" \/><\/figure><div class=\"wp-block-media-text__content\">\n<h2 class=\"wp-block-heading\">Die Werkstatt<\/h2>\n\n\n\n<p>Hier in der Werkstatt geschehen die Wunder &#8211; So ein Quatsch!<\/p>\n\n\n\n<p>Solides Handwerk, Ruhe und Erfahrung. Das ist es!<\/p>\n\n\n\n<p>Gutes Werkzeug ist au\u00dferdem unerl\u00e4sslich. Einige meiner Werkzeuge kommen aus Japan, Amerika, Spanien und Deutschland. Hochpr\u00e4zise und qualitativ.<\/p>\n\n\n\n<p>Einige Werkzeuge &nbsp;gibt es nur bei mir. So habe ich mir per 3D Drucker oder CNC Fr\u00e4se Schablonen und Vorrichtungen f\u00fcr bestimmte Arbeiten herstellen lassen.<\/p>\n<\/div><\/div>\n","protected":false},"excerpt":{"rendered":"<p>Hier erh\u00e4ltst du einen kleinen Einblick hinter die Kulissen. Der &#8222;Musikkeller&#8220; Hier im \u201eMusikkeller\u201c setzen wir uns erst einmal zusammen und sprechen dar\u00fcber, was gemacht werden soll. Wir haben viele M\u00f6glichkeiten deine Gitarren anzuspielen und zu testen. Mehrere Bass- und E-Gitarren-Amps stehen zur Verf\u00fcgung. Auch Preamps f\u00fcr akustische Gitarren und eine PA-Anlage k\u00f6nnen genutzt werden.<a class=\"more-link\" href=\"https:\/\/gitarrenwerkstatt-schneider.de\/?page_id=68\"><span class=\"screen-reader-text\">&#8222;Die Werkstatt&#8220;<\/span> weiterlesen<\/a><\/p>\n","protected":false},"author":1,"featured_media":0,"parent":0,"menu_order":0,"comment_status":"closed","ping_status":"closed","template":"","meta":{"footnotes":""},"jetpack_sharing_enabled":true,"_links":{"self":[{"href":"https:\/\/gitarrenwerkstatt-schneider.de\/index.php?rest_route=\/wp\/v2\/pages\/68"}],"collection":[{"href":"https:\/\/gitarrenwerkstatt-schneider.de\/index.php?rest_route=\/wp\/v2\/pages"}],"about":[{"href":"https:\/\/gitarrenwerkstatt-schneider.de\/index.php?rest_route=\/wp\/v2\/types\/page"}],"author":[{"embeddable":true,"href":"https:\/\/gitarrenwerkstatt-schneider.de\/index.php?rest_route=\/wp\/v2\/users\/1"}],"replies":[{"embeddable":true,"href":"https:\/\/gitarrenwerkstatt-schneider.de\/index.php?rest_route=%2Fwp%2Fv2%2Fcomments&post=68"}],"version-history":[{"count":9,"href":"https:\/\/gitarrenwerkstatt-schneider.de\/index.php?rest_route=\/wp\/v2\/pages\/68\/revisions"}],"predecessor-version":[{"id":851,"href":"https:\/\/gitarrenwerkstatt-schneider.de\/index.php?rest_route=\/wp\/v2\/pages\/68\/revisions\/851"}],"wp:attachment":[{"href":"https:\/\/gitarrenwerkstatt-schneider.de\/index.php?rest_route=%2Fwp%2Fv2%2Fmedia&parent=68"}],"curies":[{"name":"wp","href":"https:\/\/api.w.org\/{rel}","templated":true}]}}